alue of (-7 - (-17 + 8)) + (-4 - -8)?
6
Evaluate 17 - (30 + (1 - 16)).
2
-16 + (45 - (26 + -3))
6
What is the value of -19 + 17 + (0 - 3) + 26?
21
Evaluate (13 - (-4 + 7 + -2 - -2)) + -4.
6
What is the value of -5 + ((-7 - -5) + 1 - -15) + 2?
11
What is 15 - (7 + 8) - (0 + 1) - -7?
6
Calculate 1 + 1 - (-9 - (-11 - (-2 + -2))).
4
What is 10 - (2 + -2) - (362 - 336)?
-16
-3 + 0 - -6 - (3 - -3) - 5
-8
Calculate 0 + 0 + -23 - (9 - (-14 + 26)).
-20
0 - 29 - (-663 - -659)
-25
What is (0 - (-6 - (-1 + -7)) - -1) + -1?
-2
Evaluate -12 + -1 + 3 - (8 + 2).
-20
What is the value of -10 - -3 - (-5 - 9) - -8?
15
(-10 - (0 + -13)) + (-15 - 2) + 3
-11
Evaluate (-19 - (-49 - -16)) + -16.
-2
What is the value of (13 - (14 + -9)) + 3 + -27?
-16
What is the value of (20 - (53 - 22)) + 14?
3
Calculate (-15 - -4) + 32 - 18.
3
What is the value of -10 + 5 + -3 + 12 + -15?
-11
Evaluate -4 + (-6 - 1 - -1) + 4.
-6
What is the value of -12 + (22 - -2) + -19 + -5?
-12
24 - 12 - (-11 + 17)
6
Calculate 3 + 1 + -1 - (-5 + 16) - 6.
-14
Calculate -32 - (-12 + (-7 - (-16 - -12))).
-17
15 - 41 - (2 - 44)
16
What is -3 + -9 + 16 + -3 + -1 + 2?
2
((-1 - -1) + 2 - (-16 + 19)) + 12
11
What is -14 - -16 - (12 + (-2 - -3) - 3)?
-8
Evaluate 32 - -5 - (-13 - -14 - -13).
23
What is the value of 0 - (-3 + 15 + -7)?
-5
3 + 0 + (26 - 32 - 1)
-4
-2 + (16 - 4) + -12
-2
What is the value of (922 - 924) + (-1 - 25)?
-28
-17 + 5 + 2 + 4 + -5
-11
36 + 9 + -16 + -14
15
What is the value of -8 + (19 - -7 - 10) + -21?
-13
Calculate (-3 - (-16 - (-22 - -16))) + -36.
-29
What is (6 - (-3 - -10 - -14)) + 9 + -18?
-24
What is the value of (-9 + 3 - -6 - 8) + 4?
-4
Evaluate (-19 + 6 - -5 - 1) + 8.
-1
Calculate -2 + 4 + (20 - -6) - (15 - 12).
25
What is -3 + 19 + 7 + -12?
11
Calculate 3 - (5 - -12) - -10 - -7.
3
Evaluate -2 + 1 - -5 - (131 + -63 - 80).
16
Evaluate 14 + (-15 + 8 + 6 - 4).
9
What is -13 - (-30 + (3 - -31))?
-17
What is the value of 55 - 47 - 36 - (-10 + 0)?
-18
Calculate -9 - ((-21 - (-4 - 13)) + 3 + -1).
-7
What is the value of (22 - (1 + -2 + -3)) + -9?
17
Evaluate -9 - -6 - 11 - -10.
-4
(-20 - 12) + 9 + -2 + 8
-17
Calculate -36 - (4 + -16 + 4 + 4).
-32
What is the value of -2 - -15 - ((-10 - 9) + -3)?
35
Evaluate -6 - -9 - ((1 - 3) + 6).
-1
-7 + 16 + -16 + 11
4
Evaluate 7 - (45 + -33) - (-3 + (-3 - 17)).
18
Evaluate (-4 - -4 - -7) + -33 + 28.
2
-655 + 657 + (2 - (4 + 0) - -14)
14
What is the value of 8 - (-6 + (11 - (-6 + 7)))?
4
What is 2 + -2 + -5 + -51 + 62?
6
3 - (-1 + -8) - (26 + 11)
-25
What is the value of 4 - 5 - (-3 + 8 - -5)?
-11
Evaluate -89 + 88 + (-30 - -5).
-26
What is the value of 28 + -2 + -3 + -2 + (-31 - -38)?
28
Evaluate 144 + -143 + -2 + -12 + -3.
-16
Evaluate (9 + (9 - 5) + -5 - 16) + -5.
-13
What is the value of 3 + -1 - (-27 + (54 - 14) + -19)?
8
Evaluate (-4 - (-4 - (-8 + 4))) + 29.
25
Calculate 1 + (-10 - -10) - (4 - -1) - 16.
-20
What is (-12 - (-9 + -11)) + -5 - 19?
-16
What is the value of -16 - ((6 - (10 + -10)) + (0 - 3))?
-19
What is 1 + (-9 - (-3 + -6)) + -13?
-12
2 + -5 - (5 - (12 + -6 + -4))
-6
8 + -1 - 8 - ((-15 - -3) + -2)
13
Evaluate -10 + (-3 + 5 - -30).
22
Calculate 18 - 3 - (5 - -11).
-1
What is the value of -3 - (-2 + (-7 + 4 + 4 - 2))?
0
Calculate 2 + (-1 - 6) + 5 + 0 - -1.
1
Calculate 6 - (68 - 75 - (1 + -2)).
12
What is the value of (7 + -13 + 0 - -15) + (2 - -10)?
21
What is the value of (21 - 0) + (-11 - (-19 + 18))?
11
Evaluate 52 - (-12 + 32 + -17 + 16).
33
Evaluate -1 + 4 + 7 + 7 + -3.
14
0 + (-16 - -38 - 11) + -41
-30
Calculate (11 + 21 - 27) + -10.
-5
(-1 - (9 - 3)) + 19 - 4
8
What is 11 + (9 - 13) + -3 + 7 + -27?
-16
(20 - 10) + (19 - 2) - (0 - -7)
20
Evaluate (-2 - -2) + (39 - 36 - (2 - -3)).
-2
What is -5 - (2 - 1) - (25 - (40 - 17))?
-8
What is 28 - (-28 + 32) - 0?
24
What is 463 - 459 - (4 + 26)?
-26
Evaluate -7 + 44 + -33 + -8 + 3 + -2.
-3
1 + -1 + -6 - (-10 - -4)
0
(0 - (6 + -8)) + 1 + 1 + -10
-6
What is the value of -6 - (-4 + -7) - (11 - -4)?
-10
Evaluate (-4 - -3) + 1 + (-13 - -7) - 5.
-11
Evaluate 13 + (23 - 49) + 3.
-10
(3 - 3) + 3 + 11 - (18 + -18)
14
What is (-9 - 0) + 10 + 1 + -25 + 16?
-7
12 + 0 + (7 - 32) + 7
-6
-7 + 15 + 16 + -24
0
Calculate 0 + 5 + (-9 - (-13 - -8)).
1
Calculate 12 + -13 - -12 - 28.
-17
Evaluate (-1 - 0) + 4 + (1 - 0) + -4.
0
Calculate (1 + 0 - 5) + (20 + 25 - 52).
-11
(-262 - -301) + -68 + -1
-30
What is the value of 6 + -5 + -4 - -10 - 11?
-4
Evaluate -46 - -51 - (-1 + -1 + -1) - 2.
6
Calculate -24 + (53 - 20) + -25.
-16
What is 3 - (11 + 0 + 2 - -5)?
-15
What is the value of (22 - (4 + 2)) + 0?
16
Evaluate -28 + 10 + 0 + (2 - (-4 + -1)).
-11
7 + -5 + 1 + 3 + 5
11
(-6 + -2 + 1 - -12) + -21
-16
Evaluate 21 + (-31 + 65 - 78).
-23
What is 2 + -6 + 58 + -72 - 11?
-29
Calculate -9 + (-27 - (16 - 44)).
-8
What is the value of 1 - -1 - ((38 - 24) + -28)?
16
Evaluate 12 - 17 - (1 + -10 + 0).
4
What is (-12 - (-18 + 2)) + -9 + 0?
-5
(7 - (-21 - -23)) + (-2 - 0)
3
What is (12 + 21 - (-1 + 4)) + (-233 - -224)?
21
What is the value of -3 + 1 - -25 - (-14 - -21)?
16
Calculate (-2 - -2) + 5 + 5 + (1 - 2).
9
What is -1 + (-5 - (5 - 0))?
-11
Evaluate (9 - -1) + -44 + 41 - 17.
-10
What is -8 + 0 - (-1 - 0) - (-1 - 1)?
-5
7 - (16 + -4 + -1) - -24
20
(12 + -20 - (-1 - 0)) + 17 + -1
9
What is the value of 1 - (-2 - 2 - ((0 - 5) + 7))?
7
Calculate (-7 + 4 - -9) + 3 + -2.
7
Evaluate 0 + 21 - (-407 - -434).
-6
Evaluate 2 + -25 - (-578 - -574).
-19
What is 30 + -26 + -6 + -1?
-3
Evaluate 63 + -34 - (22 + 2).
5
-152 + 150 + -5 + -1 - (1 - -4)
-13
What is the value of (128 - 110) + 4 + -1 + 8?
29
Evaluate (10 - (10 - 6)) + 2 + -11 - -8.
5
What is the value of -21 - (-6 + 17 + -11)?
-21
Calculate 8 + -2 + -6 + (6 - 0 - 6).
0
Calculate 4 - (-18 - -4) - 0 - (4 - -3).
11
What is the value of (5 - 24) + 1 - -14?
-4
Evaluate 2 + 6 + (-13 - ((5 - -1) + 1)).
-12
Calculate 18 - (-8 + 13 + 4 + -3).
12
11 + (-1 - 1) + (-20 - (-14 - 4))
7
(18 + -6 - 8 - (-2 - 1)) + -3
4
What is (-25 - -37) + (9 - (5 - (-1 - -3)))?
18
Calculate 4 - 3 - -2 - -1 - (-15 - -35).
-16
15 + (-6 + 5 - 31 - -2)
-15
What is the value of -29 + 24 + -26 - -26?
-5
What is the value of 5 + -14 + 7 + 3?
1
Calculate 22 + -5 + (5 - 6) + (0 - 7).
9
Evaluate -9 + 5 + (-6 - -13).
3
What is -7 + -1 + 4 + (-15 - 7 - -13)?
-13
Evaluate -4 - -9 - 17 - (34 - 26).
-20
Calculate (-6 - 4) + (1 - -4).
-5
Calculate ((3 - 1) + -8 - -1) + 29.
24
16 + (7 - 4) - (52 - 47)
14
What is the value of (3 - (-12 - -5)) + -10?
0
-29 - (15 - (-8 - -81))
29
Evaluate -6 + 2 - (65 + -56) - 0.
-13
Calculate 23 - (18 + 50) - -74.
29
What is 2 + 2 + 24 - (27 - 15)?
16
What is the value of (9 - (10 - 10) - (7 - 1)) + 2?
5
-2 - (10 + -24 - -15)
-3
-8 + (-1 - 1 - -6) - (3 - 10)
3
22 + -14 - ((-29 - -28) + (-1 - -6))
4
What is the value of 14 - (-13 + 1 + 17)?
9
What is the value of -187 - -208 - ((4 - 2) + 7)?
12
0 - 6 - ((-29 - -20) + -22)
25
What is -8 - -24 - 23 - (-1 + 2)?
-8
What is -22 - ((-58 - -19) + 19)?
-2
What is (32 - 54 - (-5 + 1)) + -2 - -1?
-19
What is the value of (53 - 102) + 63 - (5 - 1)?
10
Calculate -8 + (-15 - -14) + -5.
-14
Calculate (-9 - ((-2 - 5) + 2)) + 7.
3
-7 - -4 - (-3 - 4)
4
What is -21 - (-11 - (1 + 13))?
4
11 + 8 + -5 + -3 - -3
14
What is the value of -60 + (84 + -33 - 19)?
-28
What is 12 - (-6 + 13 - (7 - -1) - 3)?
16
1 + -15 + 119 + -89 + -42
-26
-8 + (7 + -3 - (-1 + (3 - -4)))
-10
Evaluate (-55 - -60) + (-6 + 4 - -22).
25
What is the value of 5 - (1 + 5) - ((2 - 1) + 5)?
-7
What is 1 + -5 + 3 + (16 - 13) + -9?
-7
-31 + (25 - 60) + 83
17
Calculate (18 - 5) + (25 - 15).
23
What is the value of (-3 - -1) + 5 + -12 + 5?
-4
What is the value of -6 + 8 - 8 - -1 - 1?
-6
What is the value of (1 + -3 + -4 - (9 + -13)) + -4?
-6
Calculate -11 - (6 + -17 + 3) - 4.
-7
What is the value of 1 + 4 + -17 - (4 - -4)?
-20
Evaluate (-5 - -7) + (1 - 9) - (-2 - -2).
-6
Calculate 9 - (83 - 74 - (-31 - (-3 + 3))).
-31
-4 + 0 + (-33 + 33 - (1 - 8))
3
What is the value of -935 - -951 - (-1 - -24)?
-7
What is (-65 + 68 - 5) + (0 + 1 - 0)?
-1
What is the value of -13 - (11 - (8 + 4))?
-12
What is the value of -2 - -1 - (40 - (-34 - -72))?
-3
Calculate (71 - 90) + (1 - -5).
-13
What is the value of -18 + 37 - (8 + 0)?
11
12 + 48 + -16 + -24
20
-23 - (36 + (13 - 60))
-12
What is the value of (0